hat are the prime factors of 1110733?
13, 43, 1987
List the prime factors of 141738.
2, 3, 23623
List the prime factors of 939317.
939317
List the prime factors of 1466263.
373, 3931
What are the prime factors of 108605?
5, 7, 29, 107
List the prime factors of 355126.
2, 37, 4799
List the prime factors of 142492.
2, 7, 727
List the prime factors of 206123.
206123
What are the prime factors of 1835199?
3, 203911
What are the prime factors of 104368?
2, 11, 593
What are the prime factors of 118735?
5, 23747
List the prime factors of 6286124.
2, 13, 17, 547
What are the prime factors of 449548?
2, 11, 17, 601
What are the prime factors of 2155565?
5, 59, 7307
What are the prime factors of 2556260?
2, 5, 7, 19, 31
What are the prime factors of 790317?
3, 11, 887
What are the prime factors of 4182092?
2, 1045523
What are the prime factors of 15116406?
2, 3, 31, 67, 1213
List the prime factors of 455279.
11, 41389
What are the prime factors of 1871224?
2, 17, 13759
What are the prime factors of 219471?
3, 7, 1493
List the prime factors of 13551655.
5, 13, 19, 10973
What are the prime factors of 41317?
79, 523
What are the prime factors of 170952?
2, 3, 17, 419
List the prime factors of 14153012.
2, 967, 3659
List the prime factors of 3638309.
137, 26557
What are the prime factors of 239303?
61, 3923
What are the prime factors of 469172?
2, 11, 10663
What are the prime factors of 4606995?
3, 5, 281, 1093
List the prime factors of 25533273.
3, 8511091
List the prime factors of 438227.
593, 739
What are the prime factors of 5499377?
13, 109, 3881
What are the prime factors of 96233?
96233
What are the prime factors of 28059109?
13, 2158393
List the prime factors of 554644.
2, 138661
What are the prime factors of 44859?
3, 19, 787
List the prime factors of 266649.
3, 88883
What are the prime factors of 73070?
2, 5, 7307
What are the prime factors of 17555652?
2, 3, 487657
List the prime factors of 123373.
123373
What are the prime factors of 2395089?
3, 29569
List the prime factors of 1945694.
2, 972847
List the prime factors of 643510.
2, 5, 7, 29, 317
What are the prime factors of 1215533?
11, 110503
What are the prime factors of 164190?
2, 3, 5, 13, 421
What are the prime factors of 242465?
5, 71, 683
What are the prime factors of 4837833?
3, 7, 11, 13, 179
What are the prime factors of 266433?
3, 88811
List the prime factors of 1231175.
5, 11, 37
List the prime factors of 837377.
837377
What are the prime factors of 140888?
2, 11, 1601
What are the prime factors of 26832689?
13, 449, 4597
List the prime factors of 341159.
7, 13, 23, 163
What are the prime factors of 4859716?
2, 23, 101, 523
What are the prime factors of 24251373?
3, 898199
List the prime factors of 866759.
866759
List the prime factors of 465972.
2, 3, 13, 29, 103
What are the prime factors of 9621424?
2, 601339
What are the prime factors of 2723652?
2, 3, 25219
What are the prime factors of 1208817?
3, 44771
What are the prime factors of 60020?
2, 5, 3001
List the prime factors of 7918726.
2, 3959363
List the prime factors of 413653.
413653
What are the prime factors of 295309?
7, 42187
List the prime factors of 8607840.
2, 3, 5, 79, 227
What are the prime factors of 431048?
2, 53881
List the prime factors of 1932898.
2, 11, 103, 853
What are the prime factors of 265677?
3, 19, 59, 79
What are the prime factors of 1355269?
1355269
What are the prime factors of 3520356?
2, 3, 7, 5987
What are the prime factors of 34666440?
2, 3, 5, 307, 941
List the prime factors of 15277909.
15277909
List the prime factors of 185576.
2, 23197
What are the prime factors of 885589?
885589
What are the prime factors of 8990523?
3, 998947
List the prime factors of 624951.
3, 69439
What are the prime factors of 11090122?
2, 29, 107, 1787
What are the prime factors of 511016?
2, 11, 5807
List the prime factors of 416206.
2, 7, 31, 137
List the prime factors of 845266.
2, 211, 2003
List the prime factors of 27320237.
7, 307, 12713
List the prime factors of 8579365.
5, 1715873
What are the prime factors of 5668448?
2, 307, 577
What are the prime factors of 3776193?
3, 17, 19, 433
List the prime factors of 787883.
787883
List the prime factors of 203697.
3, 13, 1741
What are the prime factors of 1283234?
2, 37, 17341
List the prime factors of 411139.
197, 2087
List the prime factors of 2388799.
7, 48751
List the prime factors of 432326.
2, 19, 31, 367
What are the prime factors of 14557?
14557
List the prime factors of 313871.
17, 37, 499
List the prime factors of 103101.
3, 34367
List the prime factors of 4364260.
2, 5, 218213
List the prime factors of 434157.
3, 144719
What are the prime factors of 3651176?
2, 229, 1993
List the prime factors of 1397926.
2, 601, 1163
What are the prime factors of 3993046?
2, 191, 10453
What are the prime factors of 477615?
3, 5, 17, 1873
What are the prime factors of 16037951?
47, 341233
What are the prime factors of 3118206?
2, 3, 7, 13, 5711
List the prime factors of 6441924.
2, 3, 31, 17317
What are the prime factors of 2137663?
11, 373, 521
What are the prime factors of 11340550?
2, 5, 13, 73, 239
What are the prime factors of 1467475?
5, 58699
What are the prime factors of 435917?
19, 22943
What are the prime factors of 1015554?
2, 3, 169259
What are the prime factors of 75872?
2, 2371
List the prime factors of 75148.
2, 18787
List the prime factors of 3445926.
2, 3, 11, 109, 479
List the prime factors of 97953.
3, 103, 317
List the prime factors of 221236.
2, 19, 41, 71
What are the prime factors of 2974836?
2, 3, 157, 1579
What are the prime factors of 235156?
2, 58789
What are the prime factors of 376058?
2, 188029
List the prime factors of 280718.
2, 97, 1447
List the prime factors of 7185566.
2, 97, 37039
List the prime factors of 14574336.
2, 3, 7, 2711
What are the prime factors of 371599?
227, 1637
What are the prime factors of 541669?
541669
What are the prime factors of 810861?
3, 270287
List the prime factors of 10925728.
2, 11, 31039
What are the prime factors of 334055?
5, 71, 941
What are the prime factors of 884526?
2, 3, 19, 7759
What are the prime factors of 628468?
2, 59, 2663
What are the prime factors of 2002964?
2, 500741
What are the prime factors of 1792057?
383, 4679
List the prime factors of 881811.
3, 7, 13997
List the prime factors of 1061724.
2, 3, 103, 859
What are the prime factors of 211443?
3, 70481
List the prime factors of 15968472.
2, 3, 13, 31, 127
List the prime factors of 2833769.
2833769
What are the prime factors of 4740459?
3, 863, 1831
What are the prime factors of 445237?
13, 29, 1181
List the prime factors of 9190004.
2, 47, 48883
List the prime factors of 19243860.
2, 3, 5, 349, 919
What are the prime factors of 23368798?
2, 71, 164569
What are the prime factors of 337996?
2, 84499
List the prime factors of 9379517.
7, 1339931
What are the prime factors of 314968?
2, 39371
List the prime factors of 111887.
127, 881
What are the prime factors of 2095962?
2, 3, 11, 2887
What are the prime factors of 14936481?
3, 7, 2927
What are the prime factors of 726507?
3, 89, 907
List the prime factors of 8352568.
2, 7, 149153
List the prime factors of 1513710.
2, 3, 5, 11, 139
What are the prime factors of 3851733?
3, 109, 11779
What are the prime factors of 20666?
2, 10333
What are the prime factors of 12710745?
3, 5, 282461
List the prime factors of 3240531.
3, 7, 51437
What are the prime factors of 528817?
59, 8963
What are the prime factors of 14586560?
2, 5, 79, 577
What are the prime factors of 108520?
2, 5, 2713
List the prime factors of 1130482.
2, 565241
List the prime factors of 168187.
109, 1543
What are the prime factors of 1745691?
3, 659, 883
What are the prime factors of 10748949?
3, 659, 5437
What are the prime factors of 62269?
73, 853
List the prime factors of 229512.
2, 3, 73, 131
List the prime factors of 868712.
2, 13, 8353
What are the prime factors of 5842093?
71, 107, 769
What are the prime factors of 987989?
17, 89, 653
List the prime factors of 33661.
41, 821
What are the prime factors of 1129079?
7, 101, 1597
What are the prime factors of 719710?
2, 5, 71971
What are the prime factors of 18282466?
2, 257, 35569
What are the prime factors of 5506525?
5, 37, 5953
List the prime factors of 17933698.
2, 23, 